of 45086713.
7, 920137
What are the prime factors of 3938081693?
7, 13, 41, 1055503
List the prime factors of 145258143.
3, 3637, 13313
List the prime factors of 2431298662.
2, 13, 3433, 27239
What are the prime factors of 44612715?
3, 5, 7, 41, 43, 241
List the prime factors of 36409418.
2, 18204709
List the prime factors of 4767869253.
3, 7, 19, 11949547
List the prime factors of 4355601204.
2, 3, 3089, 117503
What are the prime factors of 180233785?
5, 2447, 14731
List the prime factors of 1297032329.
1297032329
List the prime factors of 137381848.
2, 599, 28669
What are the prime factors of 81949697?
457, 179321
What are the prime factors of 802869516?
2, 3, 883, 8419
List the prime factors of 46452964.
2, 61, 3121
List the prime factors of 29533164.
2, 3, 131, 18787
List the prime factors of 620747303.
11, 5130143
List the prime factors of 1551922259.
293, 5296663
List the prime factors of 1290459891.
3, 7, 7717, 7963
List the prime factors of 410357675.
5, 7, 13, 61, 2957
What are the prime factors of 124685158?
2, 13, 97, 3803
List the prime factors of 514229812.
2, 73, 839, 2099
What are the prime factors of 30432268?
2, 229, 33223
What are the prime factors of 300845653?
300845653
List the prime factors of 274944358.
2, 13, 179, 59077
What are the prime factors of 729668897?
37, 19720781
What are the prime factors of 14355166?
2, 7, 41, 89, 281
List the prime factors of 63133427.
7, 17, 530533
What are the prime factors of 184908966?
2, 3, 11, 17, 97, 1699
What are the prime factors of 11562930?
2, 3, 5, 128477
List the prime factors of 39733932.
2, 3, 7, 199, 2377
What are the prime factors of 9665586?
2, 3, 7, 41, 1871
What are the prime factors of 1032899902?
2, 29, 59, 301841
What are the prime factors of 231362862?
2, 3, 2441, 15797
What are the prime factors of 511309436?
2, 11, 157, 74017
What are the prime factors of 1802297408?
2, 28160897
What are the prime factors of 4322413843?
11, 19423, 20231
List the prime factors of 268777504.
2, 8399297
What are the prime factors of 1336030839?
3, 11, 13, 31, 33487
What are the prime factors of 278843772?
2, 3, 19, 79, 113, 137
List the prime factors of 41835787.
7, 5976541
List the prime factors of 1439911971.
3, 83, 214177
List the prime factors of 399097962.
2, 3, 47, 67, 2347
What are the prime factors of 645179314?
2, 13, 19, 67, 101, 193
What are the prime factors of 6204332526?
2, 3, 7, 67, 2204809
List the prime factors of 274582470.
2, 3, 5, 17, 538397
List the prime factors of 1332597720.
2, 3, 5, 179, 62039
List the prime factors of 716085174.
2, 3, 7, 23, 719, 1031
List the prime factors of 6344633.
1373, 4621
List the prime factors of 960196019.
23, 41747653
List the prime factors of 1094809526.
2, 19, 5179, 5563
List the prime factors of 362337448.
2, 11, 19, 37, 5857
What are the prime factors of 10407515?
5, 61, 34123
List the prime factors of 59733541.
7, 8533363
List the prime factors of 324503935.
5, 7, 3023, 3067
What are the prime factors of 15485543?
15485543
List the prime factors of 2190444335.
5, 438088867
What are the prime factors of 147670553?
147670553
What are the prime factors of 3636944175?
3, 5, 1321, 36709
List the prime factors of 1094030372.
2, 599, 456607
What are the prime factors of 813776646?
2, 3, 135629441
What are the prime factors of 9763094?
2, 11, 443777
List the prime factors of 1611154611.
3, 11, 5424763
List the prime factors of 1372567117.
1372567117
List the prime factors of 176623929.
3, 971, 6737
List the prime factors of 2508284905.
5, 7, 19, 107, 35251
List the prime factors of 89925926.
2, 29, 67, 73, 317
What are the prime factors of 6025353150?
2, 3, 5, 19, 2114159
What are the prime factors of 14757095?
5, 97, 30427
List the prime factors of 4531823477.
409, 11080253
What are the prime factors of 21873211?
857, 25523
List the prime factors of 363940285.
5, 29, 2509933
List the prime factors of 88141992.
2, 3, 37, 99259
List the prime factors of 138602980.
2, 5, 61, 103, 1103
List the prime factors of 241475273.
13, 491, 37831
What are the prime factors of 58060673?
11, 829, 6367
List the prime factors of 325753003.
325753003
List the prime factors of 462216090.
2, 3, 5, 7, 359, 6131
What are the prime factors of 22293280?
2, 5, 139333
List the prime factors of 141262016.
2, 7, 29, 83, 131
List the prime factors of 165614837.
151, 1096787
List the prime factors of 27752972.
2, 13, 533711
What are the prime factors of 230690932?
2, 19, 3035407
List the prime factors of 19639918.
2, 9819959
List the prime factors of 241122325.
5, 61, 158113
List the prime factors of 52588685.
5, 109, 96493
What are the prime factors of 3636287872?
2, 7, 4058357
What are the prime factors of 49248229?
49248229
List the prime factors of 16600854.
2, 3, 1117, 2477
What are the prime factors of 2575420565?
5, 22433, 22961
List the prime factors of 8813674342.
2, 11, 47, 79, 107897
List the prime factors of 1116594390.
2, 3, 5, 101, 368513
List the prime factors of 55014628.
2, 47, 292631
What are the prime factors of 23661468?
2, 3, 409, 1607
What are the prime factors of 26790063?
3, 8930021
What are the prime factors of 683958548?
2, 7, 13, 144539
What are the prime factors of 1390181749?
11, 17, 109, 241, 283
What are the prime factors of 634501994?
2, 7, 45321571
What are the prime factors of 429257651?
31, 977, 14173
List the prime factors of 75251437.
127, 592531
List the prime factors of 4050213222.
2, 3, 11, 683, 89849
List the prime factors of 40123759.
13, 47, 97, 677
List the prime factors of 530775769.
31, 17121799
What are the prime factors of 1268861606?
2, 17, 317, 117727
What are the prime factors of 2810913397?
43, 65370079
List the prime factors of 1313540487.
3, 7, 83, 251203
List the prime factors of 443185430.
2, 5, 619, 71597
List the prime factors of 3740561.
11, 17, 83, 241
List the prime factors of 110046856.
2, 139, 98963
What are the prime factors of 28688733?
3, 31, 107
What are the prime factors of 322686444?
2, 3, 26890537
List the prime factors of 81156960.
2, 3, 5, 56359
What are the prime factors of 49345418?
2, 3203, 7703
What are the prime factors of 705513240?
2, 3, 5, 41, 47, 113
List the prime factors of 4786699632.
2, 3, 11, 13, 29, 139, 173
List the prime factors of 2973165858.
2, 3, 13, 37, 114467
What are the prime factors of 63229141?
63229141
List the prime factors of 285872614.
2, 142936307
List the prime factors of 65953913.
65953913
What are the prime factors of 76032259?
3187, 23857
What are the prime factors of 213640656?
2, 3, 4450847
What are the prime factors of 113009765?
5, 11, 186793
What are the prime factors of 269428033?
7, 61, 107, 5897
What are the prime factors of 38032392?
2, 3, 317, 4999
List the prime factors of 79476391.
79476391
List the prime factors of 1576334156.
2, 394083539
List the prime factors of 29911552.
2, 11, 47, 113
List the prime factors of 6539150157.
3, 281, 7756999
What are the prime factors of 35037119?
13, 17, 23, 61, 113
What are the prime factors of 542006946?
2, 3, 13, 1279, 1811
What are the prime factors of 283676579?
29, 101, 96851
List the prime factors of 273396981.
3, 11, 13, 251, 2539
What are the prime factors of 28646740?
2, 5, 149, 9613
What are the prime factors of 737323460?
2, 5, 36866173
List the prime factors of 3420145098.
2, 3, 37, 1063, 4831
What are the prime factors of 18935576?
2, 11, 107, 2011
What are the prime factors of 14902392?
2, 3, 620933
What are the prime factors of 752575494?
2, 3, 11, 223, 51133
List the prime factors of 148363104.
2, 3, 1545449
What are the prime factors of 153220530?
2, 3, 5, 5107351
List the prime factors of 45016245.
3, 5, 97, 10313
List the prime factors of 542331291.
3, 29, 6233693
List the prime factors of 5535605052.
2, 3, 541, 284227
List the prime factors of 622715095.
5, 124543019
List the prime factors of 58633129.
58633129
What are the prime factors of 1438396506?
2, 3, 107, 131, 5701
List the prime factors of 1889411595.
3, 5, 1049, 120077
What are the prime factors of 479221332?
2, 3, 613, 65147
What are the prime factors of 79053671?
47, 73, 23041
List the prime factors of 259355109.
3, 13, 6650131
List the prime factors of 762326055.
3, 5, 16940579
List the prime factors of 398407240.
2, 5, 7,